d + 136. What is the tens digit of n?
6
Suppose 3202 - 885 = 5*m - q, 4*m = -4*q + 1868. What is the hundreds digit of m?
4
What is the units digit of (24 - 0)*(-699)/(-12)?
8
Let p = -102 - -106. Suppose p*a = -4*s + 480, -a + 245 = 2*s - 0*s. What is the hundreds digit of s?
1
Let u(h) = -7*h**3 - 1. Let b be u(1). Let r(i) = i**3 + 10*i**2 + 8*i - 9. What is the tens digit of r(b)?
5
Let r(t) = -t**2 + 6*t - 3. Let h be r(2). Suppose h*g + 2 + 4 = 4*n, -3*g = -5*n + 14. Suppose g*k - 4*k = -48. What is the units digit of k?
4
Suppose 0 = -5*p + 5, p - 16 = -3*z - 3*p. Suppose 4*m = z*h - 0*h, -3*m - 5*h = -16. Let g(c) = c. What is the units digit of g(m)?
2
Let n(z) = 17*z**3 - 18*z**2 - 5*z + 2. What is the units digit of n(6)?
6
Suppose 0 = -3*a - 5*z + 6366, -10099 = -3*a + 3*z - 3733. What is the units digit of a?
2
Suppose -3*m = -4*p + 71 - 2, 2*p + 4*m = 40. Let v = 18 - p. Suppose v = -2*w + 26. What is the units digit of w?
3
Let l(g) = -52*g + 321. What is the units digit of l(4)?
3
Suppose -80*l = -90*l + 9270. What is the hundreds digit of l?
9
Let p = -27 + 33. Suppose -p*y + 53 = 11. What is the units digit of y?
7
Let g be (3 - (-1 - 0))*1. Suppose 3*t - g*o - 6 = 0, 2*t = -t - 3*o - 15. Let z(i) = -7*i - 1. What is the units digit of z(t)?
3
Let y be (-1725)/105 - 3/(-7). Let f = 17 + y. What is the units digit of f?
1
Suppose -1764 = -2*p - 2*w, 33*w = -2*p + 34*w + 1767. What is the tens digit of p?
8
Let b = -1302 + 2488. What is the tens digit of b?
8
Let o be 2/(-8) + (-34)/(-8). Let h(d) be the third derivative of -d**5/60 + d**4/8 + 4*d**3/3 + 4*d**2. What is the units digit of h(o)?
4
Let d = -38 - -34. What is the tens digit of (2 - 0)*(-52)/d?
2
What is the units digit of 1/(-2 + (-73)/(-37))*-23?
1
Let j(l) = l**3 + 5*l**2 - 15*l - 9. Let c be j(-7). Let r(o) = o + 1. Let d(h) = -10*h - 5. Let u(z) = d(z) + 2*r(z). What is the tens digit of u(c)?
1
Let s(b) = 80*b**2 - b + 1. Let n be s(1). Suppose n = l - 2*j, l = -3*l + 4*j + 328. Suppose l = 3*a + a. What is the tens digit of a?
2
Suppose 0 = w - 15 + 10, 2*m = 5*w + 455. What is the units digit of m?
0
Suppose -3 = -s - 0. Let v be 1/(-5) + (-4207)/(-35). Suppose 8*o - v = s*o. What is the units digit of o?
4
Let q be (-8)/32 + 5/4. Let g be ((-3)/(-3) - q)/2. Suppose -o - p + 14 = g, -3*o - 4*p = -65 + 18. What is the units digit of o?
9
Let z = -14 - -11. Let q = 9 + z. What is the units digit of q/(-27) - 254/(-9)?
8
Let p = -19 - -22. Suppose p*d - 911 = -4*v, 3*v - 658 = -4*d + 27. What is the tens digit of v?
2
Let b(g) be the third derivative of -1/24*g**4 - 3/40*g**6 - 5*g**2 + 0 - 1/6*g**3 + 0*g + 0*g**5. What is the tens digit of b(-2)?
7
Let i(d) = -d**2 + d**2 + 3*d - 4*d + 3*d**2 - 2. What is the units digit of i(2)?
8
Let n be 4/14 + 48/28. Suppose 0*s = n*s - 148. Suppose -3*h + m + s = 0, -m - 8 = h - 34. What is the units digit of h?
5
Let b = 443 + -223. Let d = b + -132. What is the units digit of d?
8
Let t = 11 - 0. Let c be (-4)/22 + (-20)/t. What is the tens digit of (c/(-5))/((-1)/(-55))?
2
Suppose -l + 4*c = -5*l + 32, -26 = -4*l - c. Suppose 4*q = -5*y + 454, 4*y = l*y + 4. What is the units digit of q?
6
Let l(h) = h**3 + 8*h**2 + h - 11. Let q be l(-8). Let w = -10 - q. What is the units digit of 331/w + (-34)/(-153)?
7
Suppose 0 = -2*h + 3*h - s - 438, -5*h = 2*s - 2204. Let b = -301 + h. What is the units digit of b?
9
Let c = -107 + 315. What is the hundreds digit of c?
2
Let b = 2482 + -1702. What is the hundreds digit of b?
7
Let j(b) = -b + 12. Let h be j(10). Let x be (4 - -8) + h - 4. Let i(r) = -r**3 + 11*r**2 - 6*r - 12. What is the tens digit of i(x)?
2
Let z be (13 - 0 - 0)*-4. Suppose -642 = -5*y + 3*b, 3*y - 8*y + 641 = -4*b. Let p = z + y. What is the tens digit of p?
7
Let k = 184 - -1106. What is the hundreds digit of k?
2
Let v(w) = -w**3 - 4*w**2 - 6*w - 2. Let b be v(-3). Let x(j) = -j**3 + 8*j**2 + 3*j - 1. What is the tens digit of x(b)?
6
Let g(j) = j**3 - 2*j + 1. Let t(y) = -y + 1. Let l be t(-7). Let a = 11 - l. What is the units digit of g(a)?
2
Let m(o) = -17*o - 3. Let t(b) = -b**3 + 6*b**2 - 10*b. Let k be t(4). What is the tens digit of m(k)?
3
Suppose w = 3*f - 839, 4*w - 2*w = -2*f + 554. Let l = -157 + f. What is the units digit of l?
2
Let x(k) = -k**3 + 17*k**2 + 27*k - 13. What is the tens digit of x(18)?
4
Let b = -441 + 903. What is the hundreds digit of b?
4
Suppose -5*n + 54 + 51 = 0. Let j = -26 + n. Let o(p) = -p**3 - 3*p**2 + 7*p + 4. What is the units digit of o(j)?
9
Suppose 0 = -23*p + 52*p - 8091. What is the hundreds digit of p?
2
Let a(c) = -274*c - 6. What is the thousands digit of a(-7)?
1
Let f(y) be the first derivative of -y**3/3 - 5*y**2/2 - 2*y - 3. Let c be f(-4). Suppose -18 = -c*i + 20. What is the tens digit of i?
1
Suppose 0 = -6*b - 9*b + 6435. What is the tens digit of b?
2
Suppose -4*k + 14 + 2 = 0. Suppose -3*j = -k*p + 161, 59 + 62 = 3*p - 2*j. What is the units digit of p?
1
Let a(x) = 5 + 3*x**3 - 3 - 1 + 2*x. Let p be a(-1). Let s = 21 - p. What is the units digit of s?
5
Suppose 0 = -a + 97 + 378. Suppose 20*m + a = 25*m. What is the units digit of m?
5
Let g = 14 - 7. Let s be (-1*2)/(g/(-427)). Suppose x = 2*y - 0*x - 41, 5*y = -4*x + s. What is the units digit of y?
2
Let g(f) = -2*f + 47. Let b(t) = t**3 + 14*t**2 + 11*t - 5. Let w be b(-13). What is the units digit of g(w)?
5
Let o(s) = 5*s - 6. Let y(a) = 11*a - 11. Suppose -2*q = 3*q + 45. Let d(t) = q*o(t) + 4*y(t). What is the units digit of d(-10)?
0
Suppose -2*d = 6, -2*d + 854 = 3*v - v. What is the hundreds digit of v?
4
Suppose -17*f + 16160 + 34925 = 0. What is the hundreds digit of f?
0
What is the units digit of 11/(77/357) - 6?
5
Let f(q) = q + 3. Let h be f(-6). Let m be 2 + -6 + (0 - h). What is the units digit of 2 + (-1 + 3 - m)?
5
Suppose -u + 16 = -i - i, 5*u - 155 = -5*i. Suppose u - 176 = -3*n. What is the units digit of n?
0
Suppose -4*b - b - 5*f + 9765 = 0, 3*f - 7814 = -4*b. What is the thousands digit of b?
1
Suppose -2 = -z + 5. Suppose z = -19*y + 20*y. Suppose 3*u + y = -4*x, -u + 2 = -3*u - 2*x. What is the units digit of u?
3
Let i = 116 + -238. Let l = i - -429. What is the units digit of l?
7
Let r be (-877)/(-5) + 20/(-50). Suppose n + r = -4*n. What is the units digit of (n/(-15))/7*66?
2
Let n(x) = 20*x**2 + 5*x + 3. What is the tens digit of n(-1)?
1
What is the units digit of -1*4 + (-4910)/(-10)?
7
Suppose -250*q = -253*q + 60. What is the units digit of q?
0
Let z be 3 + -1*(1 + 3). Let a(h) = 60*h**3 + h**2 + h + 1. Let w be a(z). Let k = -29 - w. What is the units digit of k?
0
Let p = -71 + 122. Let j = 120 - p. Suppose -3*k = -0*k - j. What is the tens digit of k?
2
Let c be 0/(-3) - 0 - -15. Let a be (-2 - -147)*6/c. Suppose -2*u + a = 4*j, 2*u + 5*j - 29 = u. What is the units digit of u?
9
Let c(r) be the first derivative of -21*r**2/2 + 7. What is the units digit of c(-3)?
3
Suppose -6 = 3*f, -3*g = 4*f - 220 - 477. What is the tens digit of g?
3
Let v(w) = 3*w**3 - 9*w**2 + 2*w**2 - 2 + 4 - 8*w - 2*w**3. Let m be v(8). Suppose -85 = -m*u + 13. What is the tens digit of u?
4
Let q be (2/(-6))/((-6)/90). Suppose 80 = 5*n - 2*u, -q*n + 0*n + 45 = 5*u. What is the tens digit of n?
1
Let g = 2234 + -1293. What is the units digit of g?
1
What is the tens digit of (1*-4)/((230/1110)/(-23))?
4
Suppose -16*w = -53*w + 19684. What is the hundreds digit of w?
5
Let g(d) = -d**3 + 18*d**2 + 20*d - 1. What is the hundreds digit of g(17)?
6
Suppose -527 = -2*f + m, -530 = -4*f + 2*f + 4*m. Suppose -q = 0, 5*h - q + 23 = f. What is the units digit of h?
8
Let o(m) be the third derivative of -m**4/24 + 19*m**3/6 + 36*m**2. Let k(q) = -q + 4. Let b be k(4). What is the tens digit of o(b)?
1
Let f(y) = -y**3 + 5*y**2 + 5*y. Let w = -13 - -19. Let d be f(w). What is the units digit of (d/(-7))/((-6)/(-42))?
6
Let h(g) = g**2 + 11*g - 28. What is the hundreds digit of h(-26)?
3
Let p = -68 - -110. Let d = 12 + p. What is the tens digit of d?
5
Let z(t) = t**2 + t - 2. Let r be z(2). Let s be (-6)/(-3) + (r - 6). Suppose 4*a + d - 52 = s, 3*a - 2*d = 2*a + 13. What is the units digit of a?
3
What is the hundreds digit of 2*(272 - 4) - -5?
5
Let w = 689 + -609. What is the un